{"id":171,"date":"2026-03-09T05:19:06","date_gmt":"2026-03-09T05:19:06","guid":{"rendered":"https:\/\/deltaexpo.tc-host.de\/?page_id=171"},"modified":"2026-03-09T05:21:25","modified_gmt":"2026-03-09T05:21:25","slug":"datenschutz","status":"publish","type":"page","link":"https:\/\/deltaexpo.de\/?page_id=171","title":{"rendered":"Datenschutz"},"content":{"rendered":"\t\t<div data-elementor-type=\"wp-page\" data-elementor-id=\"171\" class=\"elementor elementor-171\" data-elementor-post-type=\"page\">\n\t\t\t\t<div class=\"elementor-element elementor-element-ad85d8e e-flex e-con-boxed e-con e-parent\" data-id=\"ad85d8e\" data-element_type=\"container\" data-e-type=\"container\">\n\t\t\t\t\t<div class=\"e-con-inner\">\n\t\t\t\t<div class=\"elementor-element elementor-element-f206d67 elementor-widget elementor-widget-text-editor\" data-id=\"f206d67\" data-element_type=\"widget\" data-e-type=\"widget\" data-widget_type=\"text-editor.default\">\n\t\t\t\t\t\t\t\t\t<h1 data-section-id=\"1oymf5x\" data-start=\"291\" data-end=\"313\">Datenschutzerkl\u00e4rung<\/h1><h2 data-section-id=\"193ry35\" data-start=\"315\" data-end=\"340\">1. Allgemeine Hinweise<\/h2><p data-start=\"342\" data-end=\"626\">Der Schutz Ihrer pers\u00f6nlichen Daten ist uns ein wichtiges Anliegen. Wir behandeln Ihre personenbezogenen Daten vertraulich und entsprechend den gesetzlichen Datenschutzvorschriften, insbesondere der <strong data-start=\"541\" data-end=\"580\">Datenschutz-Grundverordnung (DSGVO)<\/strong> sowie dem <strong data-start=\"591\" data-end=\"625\">Bundesdatenschutzgesetz (BDSG)<\/strong>.<\/p><p data-start=\"628\" data-end=\"763\">Diese Datenschutzerkl\u00e4rung informiert Sie dar\u00fcber, welche Daten beim Besuch unserer Website erfasst werden und wie wir diese verwenden.<\/p><h2 data-section-id=\"1co7opw\" data-start=\"770\" data-end=\"792\"><br \/>2. Verantwortlicher<\/h2><p data-start=\"794\" data-end=\"847\">Verantwortlicher im Sinne der Datenschutzgesetze ist:<\/p><p data-start=\"849\" data-end=\"909\">DeltaExpo GmbH<br data-start=\"863\" data-end=\"866\" \/>Gertigstr. 59<br data-start=\"879\" data-end=\"882\" \/>22303 Hamburg<br data-start=\"895\" data-end=\"898\" \/>Deutschland<\/p><p data-start=\"911\" data-end=\"968\">Telefon: +49 (0)40 609 413 40<br data-start=\"940\" data-end=\"943\" \/>E-Mail: <a class=\"decorated-link cursor-pointer\" rel=\"noopener\" data-start=\"951\" data-end=\"968\">info@deltaexpo.de<\/a><\/p><p data-start=\"970\" data-end=\"1021\">Vertreten durch den Gesch\u00e4ftsf\u00fchrer:<br data-start=\"1006\" data-end=\"1009\" \/>Heiko Heiden<\/p><h2 data-section-id=\"9qig9k\" data-start=\"1028\" data-end=\"1041\"><br \/>3. Hosting<\/h2><p data-start=\"1043\" data-end=\"1095\">Unsere Website wird bei folgendem Anbieter gehostet:<\/p><p data-start=\"1097\" data-end=\"1170\">Hetzner Online GmbH<br data-start=\"1116\" data-end=\"1119\" \/>Industriestr. 25<br data-start=\"1135\" data-end=\"1138\" \/>91710 Gunzenhausen<br data-start=\"1156\" data-end=\"1159\" \/>Deutschland<\/p><p data-start=\"1172\" data-end=\"1303\">Beim Aufruf unserer Website erfasst der Hosting-Anbieter automatisch sogenannte <strong data-start=\"1252\" data-end=\"1271\">Server-Logfiles<\/strong>. Diese enthalten unter anderem:<\/p><ul data-start=\"1305\" data-end=\"1476\"><li data-section-id=\"1isdbpz\" data-start=\"1305\" data-end=\"1331\"><p data-start=\"1307\" data-end=\"1331\">IP-Adresse des Besuchers<\/p><\/li><li data-section-id=\"93haxk\" data-start=\"1332\" data-end=\"1363\"><p data-start=\"1334\" data-end=\"1363\">Datum und Uhrzeit der Anfrage<\/p><\/li><li data-section-id=\"100vvm8\" data-start=\"1364\" data-end=\"1395\"><p data-start=\"1366\" data-end=\"1395\">Browsertyp und Browserversion<\/p><\/li><li data-section-id=\"1qh09b\" data-start=\"1396\" data-end=\"1424\"><p data-start=\"1398\" data-end=\"1424\">verwendetes Betriebssystem<\/p><\/li><li data-section-id=\"y94by8\" data-start=\"1425\" data-end=\"1439\"><p data-start=\"1427\" data-end=\"1439\">Referrer URL<\/p><\/li><li data-section-id=\"1qpt15r\" data-start=\"1440\" data-end=\"1476\"><p data-start=\"1442\" data-end=\"1476\">Hostname des zugreifenden Rechners<\/p><\/li><\/ul><p data-start=\"1478\" data-end=\"1592\">Die Erfassung dieser Daten erfolgt automatisch, um den sicheren und stabilen Betrieb der Website zu gew\u00e4hrleisten.<\/p><p data-start=\"1594\" data-end=\"1738\"><strong data-start=\"1594\" data-end=\"1614\">Rechtsgrundlage:<\/strong><br data-start=\"1614\" data-end=\"1617\" \/>Art. 6 Abs. 1 lit. f DSGVO (berechtigtes Interesse an der technisch fehlerfreien Darstellung und Sicherheit der Website).<\/p><p data-start=\"1740\" data-end=\"1839\">Wir haben mit Hetzner einen <strong data-start=\"1768\" data-end=\"1824\">Vertrag zur Auftragsverarbeitung gem\u00e4\u00df Art. 28 DSGVO<\/strong> abgeschlossen.<\/p><p data-start=\"1841\" data-end=\"1941\">Weitere Informationen zum Datenschutz bei Hetzner:<br data-start=\"1891\" data-end=\"1894\" \/><a class=\"decorated-link\" href=\"https:\/\/www.hetzner.com\/de\/legal\/privacy-policy\" target=\"_new\" rel=\"noopener\" data-start=\"1894\" data-end=\"1941\">https:\/\/www.hetzner.com\/de\/legal\/privacy-policy<\/a><\/p><h2 data-section-id=\"149ma20\" data-start=\"1948\" data-end=\"1961\"><br \/>4. Cookies<\/h2><p data-start=\"1963\" data-end=\"2101\">Unsere Website verwendet <strong data-start=\"1988\" data-end=\"2005\">keine Cookies<\/strong>, die personenbezogene Daten speichern oder zu Analyse- oder Marketingzwecken eingesetzt werden.<\/p><h2 data-section-id=\"ij2y88\" data-start=\"2108\" data-end=\"2141\"><br \/>5. Analyse- und Tracking-Tools<\/h2><p data-start=\"2143\" data-end=\"2220\">Auf unserer Website werden <strong data-start=\"2170\" data-end=\"2208\">keine Analyse- oder Tracking-Tools<\/strong> eingesetzt.<\/p><h2 data-section-id=\"1trgbom\" data-start=\"2227\" data-end=\"2244\"><br \/>6. Ihre Rechte<\/h2><p data-start=\"2246\" data-end=\"2330\">Sie haben im Rahmen der geltenden gesetzlichen Bestimmungen jederzeit das Recht auf:<\/p><ul data-start=\"2332\" data-end=\"2641\"><li data-section-id=\"bqajqb\" data-start=\"2332\" data-end=\"2392\"><p data-start=\"2334\" data-end=\"2392\"><strong data-start=\"2334\" data-end=\"2346\">Auskunft<\/strong> \u00fcber Ihre gespeicherten Daten (Art. 15 DSGVO)<\/p><\/li><li data-section-id=\"1xtyc6b\" data-start=\"2393\" data-end=\"2445\"><p data-start=\"2395\" data-end=\"2445\"><strong data-start=\"2395\" data-end=\"2411\">Berichtigung<\/strong> unrichtiger Daten (Art. 16 DSGVO)<\/p><\/li><li data-section-id=\"1wwsfv3\" data-start=\"2446\" data-end=\"2488\"><p data-start=\"2448\" data-end=\"2488\"><strong data-start=\"2448\" data-end=\"2460\">L\u00f6schung<\/strong> Ihrer Daten (Art. 17 DSGVO)<\/p><\/li><li data-section-id=\"xoqctu\" data-start=\"2489\" data-end=\"2541\"><p data-start=\"2491\" data-end=\"2541\"><strong data-start=\"2491\" data-end=\"2525\">Einschr\u00e4nkung der Verarbeitung<\/strong> (Art. 18 DSGVO)<\/p><\/li><li data-section-id=\"3h2b3u\" data-start=\"2542\" data-end=\"2584\"><p data-start=\"2544\" data-end=\"2584\"><strong data-start=\"2544\" data-end=\"2568\">Daten\u00fcbertragbarkeit<\/strong> (Art. 20 DSGVO)<\/p><\/li><li data-section-id=\"1vg0w56\" data-start=\"2585\" data-end=\"2641\"><p data-start=\"2587\" data-end=\"2641\"><strong data-start=\"2587\" data-end=\"2625\">Widerspruch gegen die Verarbeitung<\/strong> (Art. 21 DSGVO)<\/p><\/li><\/ul><p data-start=\"2643\" data-end=\"2714\">Wenn Sie eines dieser Rechte aus\u00fcben m\u00f6chten, wenden Sie sich bitte an:<\/p><p data-start=\"2716\" data-end=\"2733\"><a class=\"decorated-link cursor-pointer\" rel=\"noopener\" data-start=\"2716\" data-end=\"2733\">info@deltaexpo.de<\/a><\/p><h2 data-section-id=\"nz4nuh\" data-start=\"2740\" data-end=\"2786\"><br \/>7. Beschwerderecht bei der Aufsichtsbeh\u00f6rde<\/h2><p data-start=\"2788\" data-end=\"2918\">Sie haben das Recht, sich bei einer Datenschutzaufsichtsbeh\u00f6rde \u00fcber die Verarbeitung Ihrer personenbezogenen Daten zu beschweren.<\/p><p data-start=\"2920\" data-end=\"2948\">Zust\u00e4ndige Aufsichtsbeh\u00f6rde:<\/p><p data-start=\"2950\" data-end=\"3075\">Der Hamburgische Beauftragte f\u00fcr Datenschutz und Informationsfreiheit<br data-start=\"3019\" data-end=\"3022\" \/>Ludwig-Erhard-Stra\u00dfe 22<br data-start=\"3045\" data-end=\"3048\" \/>20459 Hamburg<br data-start=\"3061\" data-end=\"3064\" \/>Deutschland<\/p><p data-start=\"3077\" data-end=\"3107\"><a class=\"decorated-link\" href=\"https:\/\/datenschutz-hamburg.de\" target=\"_new\" rel=\"noopener\" data-start=\"3077\" data-end=\"3107\">https:\/\/datenschutz-hamburg.de<\/a><\/p><h2 data-section-id=\"l7waaf\" data-start=\"3114\" data-end=\"3158\"><br \/>8. Aktualit\u00e4t dieser Datenschutzerkl\u00e4rung<\/h2><p data-start=\"3160\" data-end=\"3351\">Diese Datenschutzerkl\u00e4rung hat den Stand <strong data-start=\"3201\" data-end=\"3214\">M\u00e4rz 2026<\/strong>.<br data-start=\"3215\" data-end=\"3218\" \/>Wir behalten uns vor, sie anzupassen, um sie an ge\u00e4nderte rechtliche Anforderungen oder technische \u00c4nderungen der Website anzupassen.<\/p>\t\t\t\t\t\t\t\t<\/div>\n\t\t\t\t\t<\/div>\n\t\t\t\t<\/div>\n\t\t\t\t<\/div>\n\t\t","protected":false},"excerpt":{"rendered":"<p>Datenschutzerkl\u00e4rung 1. Allgemeine Hinweise Der Schutz Ihrer pers\u00f6nlichen Daten ist uns ein wichtiges Anliegen. Wir behandeln Ihre personenbezogenen Daten vertraulich und entsprechend den gesetzlichen Datenschutzvorschriften, insbesondere der Datenschutz-Grundverordnung (DSGVO) sowie dem Bundesdatenschutzgesetz (BDSG). Diese Datenschutzerkl\u00e4rung informiert Sie dar\u00fcber, welche Daten beim Besuch unserer Website erfasst werden und wie wir diese verwenden. 2. Verantwortlicher Verantwortlicher im [&hellip;]<\/p>\n","protected":false},"author":1,"featured_media":0,"parent":0,"menu_order":0,"comment_status":"closed","ping_status":"closed","template":"","meta":{"footnotes":""},"class_list":["post-171","page","type-page","status-publish","hentry"],"yoast_head":"<!-- This site is optimized with the Yoast SEO plugin v27.1.1 - https:\/\/yoast.com\/product\/yoast-seo-wordpress\/ -->\n<title>Datenschutz - DeltaExpo - Ihr Partner f\u00fcr erfolgreiche Messen und Kongresse<\/title>\n<meta name=\"robots\" content=\"index, follow, max-snippet:-1, max-image-preview:large, max-video-preview:-1\" \/>\n<link rel=\"canonical\" href=\"https:\/\/deltaexpo.de\/?page_id=171\" \/>\n<meta property=\"og:locale\" content=\"de_DE\" \/>\n<meta property=\"og:type\" content=\"article\" \/>\n<meta property=\"og:title\" content=\"Datenschutz - DeltaExpo - Ihr Partner f\u00fcr erfolgreiche Messen und Kongresse\" \/>\n<meta property=\"og:description\" content=\"Datenschutzerkl\u00e4rung 1. Allgemeine Hinweise Der Schutz Ihrer pers\u00f6nlichen Daten ist uns ein wichtiges Anliegen. Wir behandeln Ihre personenbezogenen Daten vertraulich und entsprechend den gesetzlichen Datenschutzvorschriften, insbesondere der Datenschutz-Grundverordnung (DSGVO) sowie dem Bundesdatenschutzgesetz (BDSG). Diese Datenschutzerkl\u00e4rung informiert Sie dar\u00fcber, welche Daten beim Besuch unserer Website erfasst werden und wie wir diese verwenden. 2. Verantwortlicher Verantwortlicher im [&hellip;]\" \/>\n<meta property=\"og:url\" content=\"https:\/\/deltaexpo.de\/?page_id=171\" \/>\n<meta property=\"og:site_name\" content=\"DeltaExpo - Ihr Partner f\u00fcr erfolgreiche Messen und Kongresse\" \/>\n<meta property=\"article:modified_time\" content=\"2026-03-09T05:21:25+00:00\" \/>\n<meta name=\"twitter:card\" content=\"summary_large_image\" \/>\n<meta name=\"twitter:label1\" content=\"Gesch\u00e4tzte Lesezeit\" \/>\n\t<meta name=\"twitter:data1\" content=\"2\u00a0Minuten\" \/>\n<script type=\"application\/ld+json\" class=\"yoast-schema-graph\">{\"@context\":\"https:\/\/schema.org\",\"@graph\":[{\"@type\":\"WebPage\",\"@id\":\"https:\/\/deltaexpo.de\/?page_id=171\",\"url\":\"https:\/\/deltaexpo.de\/?page_id=171\",\"name\":\"Datenschutz - DeltaExpo - Ihr Partner f\u00fcr erfolgreiche Messen und Kongresse\",\"isPartOf\":{\"@id\":\"https:\/\/deltaexpo.de\/#website\"},\"datePublished\":\"2026-03-09T05:19:06+00:00\",\"dateModified\":\"2026-03-09T05:21:25+00:00\",\"breadcrumb\":{\"@id\":\"https:\/\/deltaexpo.de\/?page_id=171#breadcrumb\"},\"inLanguage\":\"de\",\"potentialAction\":[{\"@type\":\"ReadAction\",\"target\":[\"https:\/\/deltaexpo.de\/?page_id=171\"]}]},{\"@type\":\"BreadcrumbList\",\"@id\":\"https:\/\/deltaexpo.de\/?page_id=171#breadcrumb\",\"itemListElement\":[{\"@type\":\"ListItem\",\"position\":1,\"name\":\"Start\",\"item\":\"https:\/\/deltaexpo.de\/\"},{\"@type\":\"ListItem\",\"position\":2,\"name\":\"Datenschutz\"}]},{\"@type\":\"WebSite\",\"@id\":\"https:\/\/deltaexpo.de\/#website\",\"url\":\"https:\/\/deltaexpo.de\/\",\"name\":\"DeltaExpo - Ihr Partner f\u00fcr erfolgreiche Messen und Kongresse\",\"description\":\"\",\"publisher\":{\"@id\":\"https:\/\/deltaexpo.de\/#organization\"},\"potentialAction\":[{\"@type\":\"SearchAction\",\"target\":{\"@type\":\"EntryPoint\",\"urlTemplate\":\"https:\/\/deltaexpo.de\/?s={search_term_string}\"},\"query-input\":{\"@type\":\"PropertyValueSpecification\",\"valueRequired\":true,\"valueName\":\"search_term_string\"}}],\"inLanguage\":\"de\"},{\"@type\":\"Organization\",\"@id\":\"https:\/\/deltaexpo.de\/#organization\",\"name\":\"DeltaExpo - Ihr Partner f\u00fcr erfolgreiche Messen und Kongresse\",\"url\":\"https:\/\/deltaexpo.de\/\",\"logo\":{\"@type\":\"ImageObject\",\"inLanguage\":\"de\",\"@id\":\"https:\/\/deltaexpo.de\/#\/schema\/logo\/image\/\",\"url\":\"https:\/\/deltaexpo.de\/wp-content\/uploads\/2026\/01\/Logo_big.png\",\"contentUrl\":\"https:\/\/deltaexpo.de\/wp-content\/uploads\/2026\/01\/Logo_big.png\",\"width\":1813,\"height\":550,\"caption\":\"DeltaExpo - Ihr Partner f\u00fcr erfolgreiche Messen und Kongresse\"},\"image\":{\"@id\":\"https:\/\/deltaexpo.de\/#\/schema\/logo\/image\/\"}}]}<\/script>\n<!-- \/ Yoast SEO plugin. -->","yoast_head_json":{"title":"Datenschutz - DeltaExpo - Ihr Partner f\u00fcr erfolgreiche Messen und Kongresse","robots":{"index":"index","follow":"follow","max-snippet":"max-snippet:-1","max-image-preview":"max-image-preview:large","max-video-preview":"max-video-preview:-1"},"canonical":"https:\/\/deltaexpo.de\/?page_id=171","og_locale":"de_DE","og_type":"article","og_title":"Datenschutz - DeltaExpo - Ihr Partner f\u00fcr erfolgreiche Messen und Kongresse","og_description":"Datenschutzerkl\u00e4rung 1. Allgemeine Hinweise Der Schutz Ihrer pers\u00f6nlichen Daten ist uns ein wichtiges Anliegen. Wir behandeln Ihre personenbezogenen Daten vertraulich und entsprechend den gesetzlichen Datenschutzvorschriften, insbesondere der Datenschutz-Grundverordnung (DSGVO) sowie dem Bundesdatenschutzgesetz (BDSG). Diese Datenschutzerkl\u00e4rung informiert Sie dar\u00fcber, welche Daten beim Besuch unserer Website erfasst werden und wie wir diese verwenden. 2. Verantwortlicher Verantwortlicher im [&hellip;]","og_url":"https:\/\/deltaexpo.de\/?page_id=171","og_site_name":"DeltaExpo - Ihr Partner f\u00fcr erfolgreiche Messen und Kongresse","article_modified_time":"2026-03-09T05:21:25+00:00","twitter_card":"summary_large_image","twitter_misc":{"Gesch\u00e4tzte Lesezeit":"2\u00a0Minuten"},"schema":{"@context":"https:\/\/schema.org","@graph":[{"@type":"WebPage","@id":"https:\/\/deltaexpo.de\/?page_id=171","url":"https:\/\/deltaexpo.de\/?page_id=171","name":"Datenschutz - DeltaExpo - Ihr Partner f\u00fcr erfolgreiche Messen und Kongresse","isPartOf":{"@id":"https:\/\/deltaexpo.de\/#website"},"datePublished":"2026-03-09T05:19:06+00:00","dateModified":"2026-03-09T05:21:25+00:00","breadcrumb":{"@id":"https:\/\/deltaexpo.de\/?page_id=171#breadcrumb"},"inLanguage":"de","potentialAction":[{"@type":"ReadAction","target":["https:\/\/deltaexpo.de\/?page_id=171"]}]},{"@type":"BreadcrumbList","@id":"https:\/\/deltaexpo.de\/?page_id=171#breadcrumb","itemListElement":[{"@type":"ListItem","position":1,"name":"Start","item":"https:\/\/deltaexpo.de\/"},{"@type":"ListItem","position":2,"name":"Datenschutz"}]},{"@type":"WebSite","@id":"https:\/\/deltaexpo.de\/#website","url":"https:\/\/deltaexpo.de\/","name":"DeltaExpo - Ihr Partner f\u00fcr erfolgreiche Messen und Kongresse","description":"","publisher":{"@id":"https:\/\/deltaexpo.de\/#organization"},"potentialAction":[{"@type":"SearchAction","target":{"@type":"EntryPoint","urlTemplate":"https:\/\/deltaexpo.de\/?s={search_term_string}"},"query-input":{"@type":"PropertyValueSpecification","valueRequired":true,"valueName":"search_term_string"}}],"inLanguage":"de"},{"@type":"Organization","@id":"https:\/\/deltaexpo.de\/#organization","name":"DeltaExpo - Ihr Partner f\u00fcr erfolgreiche Messen und Kongresse","url":"https:\/\/deltaexpo.de\/","logo":{"@type":"ImageObject","inLanguage":"de","@id":"https:\/\/deltaexpo.de\/#\/schema\/logo\/image\/","url":"https:\/\/deltaexpo.de\/wp-content\/uploads\/2026\/01\/Logo_big.png","contentUrl":"https:\/\/deltaexpo.de\/wp-content\/uploads\/2026\/01\/Logo_big.png","width":1813,"height":550,"caption":"DeltaExpo - Ihr Partner f\u00fcr erfolgreiche Messen und Kongresse"},"image":{"@id":"https:\/\/deltaexpo.de\/#\/schema\/logo\/image\/"}}]}},"_links":{"self":[{"href":"https:\/\/deltaexpo.de\/index.php?rest_route=\/wp\/v2\/pages\/171","targetHints":{"allow":["GET"]}}],"collection":[{"href":"https:\/\/deltaexpo.de\/index.php?rest_route=\/wp\/v2\/pages"}],"about":[{"href":"https:\/\/deltaexpo.de\/index.php?rest_route=\/wp\/v2\/types\/page"}],"author":[{"embeddable":true,"href":"https:\/\/deltaexpo.de\/index.php?rest_route=\/wp\/v2\/users\/1"}],"replies":[{"embeddable":true,"href":"https:\/\/deltaexpo.de\/index.php?rest_route=%2Fwp%2Fv2%2Fcomments&post=171"}],"version-history":[{"count":3,"href":"https:\/\/deltaexpo.de\/index.php?rest_route=\/wp\/v2\/pages\/171\/revisions"}],"predecessor-version":[{"id":174,"href":"https:\/\/deltaexpo.de\/index.php?rest_route=\/wp\/v2\/pages\/171\/revisions\/174"}],"wp:attachment":[{"href":"https:\/\/deltaexpo.de\/index.php?rest_route=%2Fwp%2Fv2%2Fmedia&parent=171"}],"curies":[{"name":"wp","href":"https:\/\/api.w.org\/{rel}","templated":true}]}}